{"id":1513,"date":"2013-02-11T13:40:11","date_gmt":"2013-02-11T13:40:11","guid":{"rendered":"http:\/\/www.akademiplena.com\/blog\/?page_id=1513"},"modified":"2013-02-11T13:42:06","modified_gmt":"2013-02-11T13:42:06","slug":"tutum-testi-sonuclari","status":"publish","type":"page","link":"https:\/\/www.akademiplena.com\/blog\/tutum-testi-sonuclari\/","title":{"rendered":"TUTUM TEST\u0130 SONU\u00c7LARI"},"content":{"rendered":"<div>135-150\u00a0 Olumlu bir tutuma sahipsin. Harikas\u0131n \u00e7\u00fcnk\u00fc harika oldu\u011funu d\u00fc\u015f\u00fcn\u00fcyorsun.<\/div>\n<div><\/div>\n<div>120-134\u00a0 \u0130yi bir yakla\u015f\u0131ma sahipsin ve yakla\u015f\u0131m\u0131n\u0131 geli\u015ftirmek i\u00e7in ne yapman gerekti\u011fini anl\u0131yorsun daha iyisini yapabilirsin.<\/div>\n<div><\/div>\n<div>75-119\u00a0\u00a0 Olumlu bir tutuma sahip oldu\u011funu d\u00fc\u015f\u00fcnen ama sahip olmayan insanlardans\u0131n. Becerilerini geli\u015ftirmeni sa\u011flayacak t\u00fcrden bir yard\u0131ma ihtiyac\u0131n var ve her g\u00fcn yakla\u015f\u0131m\u0131na dair egzersiz yapman gerek.<\/div>\n<div><\/div>\n<div>50-74\u00a0\u00a0\u00a0 Olumsuz bir tutumun var. Yakla\u015f\u0131m konusuyla ilgili bir ka\u00e7 kitap okumal\u0131s\u0131n. Becerilerini geli\u015ftirirken bir yandan da al\u0131\u015fkanl\u0131klar\u0131n\u0131 de\u011fi\u015ftirmelisin.<\/div>\n<div><\/div>\n<div>29-49\u00a0\u00a0\u00a0 Yukar\u0131daki gurupta bulunanlardan iki kat fazla \u00e7al\u0131\u015fman gerek.<\/div>\n<div><\/div>\n<div>Not: J.Gitomer&#8217;den al\u0131nt\u0131d\u0131r.<\/div>\n","protected":false},"excerpt":{"rendered":"<p>135-150\u00a0 Olumlu bir tutuma sahipsin. Harikas\u0131n \u00e7\u00fcnk\u00fc harika oldu\u011funu d\u00fc\u015f\u00fcn\u00fcyorsun. 120-134\u00a0 \u0130yi bir yakla\u015f\u0131ma sahipsin ve yakla\u015f\u0131m\u0131n\u0131 geli\u015ftirmek i\u00e7in ne yapman gerekti\u011fini anl\u0131yorsun daha iyisini yapabilirsin. 75-119\u00a0\u00a0 Olumlu bir tutuma [&hellip;]<\/p>\n","protected":false},"author":1,"featured_media":0,"parent":0,"menu_order":0,"comment_status":"open","ping_status":"open","template":"","meta":[],"_links":{"self":[{"href":"https:\/\/www.akademiplena.com\/blog\/wp-json\/wp\/v2\/pages\/1513"}],"collection":[{"href":"https:\/\/www.akademiplena.com\/blog\/wp-json\/wp\/v2\/pages"}],"about":[{"href":"https:\/\/www.akademiplena.com\/blog\/wp-json\/wp\/v2\/types\/page"}],"author":[{"embeddable":true,"href":"https:\/\/www.akademiplena.com\/blog\/wp-json\/wp\/v2\/users\/1"}],"replies":[{"embeddable":true,"href":"https:\/\/www.akademiplena.com\/blog\/wp-json\/wp\/v2\/comments?post=1513"}],"version-history":[{"count":2,"href":"https:\/\/www.akademiplena.com\/blog\/wp-json\/wp\/v2\/pages\/1513\/revisions"}],"predecessor-version":[{"id":1516,"href":"https:\/\/www.akademiplena.com\/blog\/wp-json\/wp\/v2\/pages\/1513\/revisions\/1516"}],"wp:attachment":[{"href":"https:\/\/www.akademiplena.com\/blog\/wp-json\/wp\/v2\/media?parent=1513"}],"curies":[{"name":"wp","href":"https:\/\/api.w.org\/{rel}","templated":true}]}}